 6 + -10 + 6 + 1.
8
What is (-12 - (-15 + 10)) + (1 - 0)?
-6
-7 + ((21 - 21) + (24 - 2) - 4)
11
Evaluate 6 + (-2 - (7 - 4 - -4 - 16)).
13
Calculate 13 - ((-3 - 4) + (26 - 22)).
16
Evaluate (-15 - -36) + (6 - 12 - -3) + -6.
12
Evaluate 3 + (7 + 2 - 22).
-10
What is the value of 6 - (21 - (-14 + 12))?
-17
What is -7 + (-9 - (-8 - -6)) + 1 + 24?
11
What is the value of -9 + 14 + -9 + (14 - 5)?
5
Calculate 13 + 0 + (-132 - -114).
-5
What is the value of 5 - (-2 + 4) - (-55 + 54)?
4
What is -12 - ((0 - ((-9 - -10) + -9)) + -8)?
-12
-1 + -6 + 12 + -4 + 6 + -5
2
Calculate -13 - -14 - (-12 + (4 + -8 - -8)).
9
2 + 0 - (-8 - (8 - 3) - -7)
8
0 + 5 - (-17 - (12 - 22) - -3)
9
What is the value of 6 - 5 - 13 - -7?
-5
What is the value of -3 + -9 + 7 + 2 + (3 - 1)?
-1
What is 3 + 0 + 1 - (-469 + 452)?
21
Calculate -7 - (1 + 0 + 0 + 0 + 5).
-13
What is the value of -17 + (35 - 15) - (-4 + -11)?
18
16 - (7 - (-1 - (1 + -5 - -1)))
11
What is (-22 - -26) + 9 + -3 + -4?
6
-32 - -46 - (14 + 3)
-3
What is -4 - -32 - (14 + (-1 - 1) - 3)?
19
What is (-14 - -2) + (-6 - -21)?
3
Calculate 15 - 11 - (0 + (0 - -5)).
-1
What is 12 + -9 + 12 + -12 - (29 - 2)?
-24
What is the value of -16 + (8 - -15) + 0 + -4 - -6?
9
What is the value of -1 - 2 - (145 - 148) - 27?
-27
What is -18 - -2 - (27 - -3 - 20)?
-26
Calculate (-5 - (5 - -1 - 5)) + -5 + 0.
-11
-5 + (16 - -5 - 5)
11
Calculate (-8 + 0 - -28) + (4 - (-10 - -14)).
20
Evaluate 1 + -11 - (-27 - (-30 - -4)).
-9
What is (3 + (-9 - -10) - 17) + -13?
-26
Evaluate 72 + -78 - ((-3 - -3) + 7).
-13
Evaluate 5 - 5 - (-7 + 3 + -1 - 9).
14
What is -12 - (-13 + -3 + (43 - 37))?
-2
8 + -8 + -5 + 8 - -9
12
What is 18 + (17 - 25) + -8 + 6?
8
What is the value of 13 + (-10 + 0 - 16)?
-13
(7 - (-1 - -4)) + 3
7
Calculate (-13 - -2) + (1 + (0 - 2) - -5).
-7
What is the value of -26 + (30 + -32 - -27)?
-1
5 + (-3 - 10) - 0
-8
What is the value of 6 - (-4 + -2 - (-7 - 1))?
4
What is (1 - (-5 + 5 - 8 - -20)) + -6?
-17
(6 - (-8 + 1)) + -14
-1
What is -17 + 78 + -56 - (-1 + 21)?
-15
Calculate -18 + -13 + -6 - -55.
18
Calculate 5 - (10 - (-8 + -12 + 19)).
-6
Evaluate 17 - (34 - 16) - (10 - -1).
-12
Evaluate (5 + 17 - 13) + -12.
-3
Evaluate -2 + -8 + 11 + -1.
0
What is the value of (-1 - 20) + -764 + 763?
-22
What is (-1 - -17) + (-12 - -11)?
15
Evaluate 26 - (-3 - (-24 + 10)).
15
Evaluate 1 + (0 + -4 - (-3 + -3 - -7)).
-4
What is the value of (50 - 51) + (-3 - (-12 + -2))?
10
Evaluate (-2 + -9 - -18 - -13) + (-2 - 2).
16
Evaluate 2 - (8 - (-11 - -9)) - (-4 - -2).
-6
Evaluate (459 - 451) + 16 + -3.
21
What is 3 - (0 + 0 + 0) - (1 - -5)?
-3
(2 - -1) + 5 + -5 - (-9 - -3)
9
Evaluate 1 + 9 - -3 - (5 - -1).
7
What is (-23 - -15) + (-3 - (-18 + -3)) + -3?
7
1 + (17 - 11) + (1 - -2)
10
What is the value of -1 - -20 - (39 + -22)?
2
Calculate (12 - (37 + -16)) + 1.
-8
What is -4 + 5 + 13 + -6 + -6?
2
-2 + (-7 - -6) + 4 - -1 - -8
10
What is -14 - (5 - 3) - (-46 - -26)?
4
What is -24 + -6 + 32 + 4 + -4?
2
34 - (23 + -12) - (1 + 5)
17
Evaluate 18 + (32 - 70) + 38.
18
What is (7 - 6 - (1 - 7)) + (-1 - -7)?
13
Evaluate (-151 - -165) + (-36 - 0) - (-7 - -1).
-16
What is 0 + (-4 - (-4 - -1) - (22 - 18))?
-5
What is -33 - (4 - 38 - 6)?
7
What is 2 - (7 + -20 + -2)?
17
(11 - 15) + 33 + (-1 - 12)
16
17 + -11 + 5 + 2
13
What is 7 - -1 - (3 - ((-15 - -3) + 7))?
0
What is the value of -1 + (-13 + 12 + -1 - 3)?
-6
Calculate 2 - (19 - 7 - 4) - (9 + -2).
-13
Evaluate (39 - 43) + (-2 - 27).
-33
What is 53 - (35 - 9 - -10)?
17
Calculate -1 - (-1 - 19 - -17).
2
What is the value of -24 - (-36 - -13 - 18)?
17
Evaluate 3 + (259 - 262 - (-9 - (-2 + 1))).
8
Evaluate (8 - (-29 - (10 + -1))) + 6 + -14.
38
(-5 - (-6 - -11 - 9)) + -12 + 1
-12
What is the value of 19 + 0 + (-91 - -67)?
-5
What is -14 + 26 - (-15 - (-41 - 14))?
-28
Calculate (14 + -5 + 4 - 4) + 0.
9
What is (-3 - (-2 - (-4 - -8))) + 6?
9
(-15 + -4 - (1 - -18)) + 4 + 3
-31
-5 - (2 + 0) - (69 - 81)
5
What is -235 + 244 - (-2 - (2 - 1))?
12
Calculate (4 - 9 - 9) + (-1 - -1).
-14
Calculate (8 + 0 - 7) + 5 + -1 + 7.
12
Calculate (7 - (2 + -1)) + (6 - 6) + 2.
8
What is 10 - 4 - (34 + 6 + -17 + 12)?
-29
6 + -8 + 2 + (2 - 2) - 10
-10
(1 + 22 - 0) + (-11 - (-10 - -7))
15
Evaluate -29 + 11 - (10 + -22).
-6
-3 - (5 + 20) - -1 - -11
-16
Calculate (-1 - (0 + 1) - -8) + (0 - 9).
-3
-10 - -11 - 0 - 2 - -3
2
Calculate 4 + 0 + (-6 - -7) + -33 + 20.
-8
What is the value of 68 + -75 + -2 + -1 + 8 + 8?
6
(-30 - -4) + 5 + -9 + -2 - -4
-28
What is the value of 225 + -248 + (-8 - -1) - -16?
-14
What is -1 + 10 - (-44 - (-82 - -58))?
29
What is -5 - (-5 - (-11 - -12))?
1
Evaluate -1 + -3 - (-17 + 11 + 18 - 21).
5
Calculate 2 + (3 + -9 - 0 - 1).
-5
Evaluate (-9 + -3 - -1) + 76 + -70.
-5
What is the value of 0 + 7 - (22 + -15 + -1)?
1
What is 23 - (-19 + -4 + (-3 - -2 - -15))?
32
(-1 - 47) + (-2077 - -2110)
-15
Evaluate -21 - (9 + -41) - (-7 + (4 - -1)).
13
What is the value of (18 - 27) + (-6 - -4)?
-11
Evaluate (-23 - (42 + -46)) + -18.
-37
1 - (14 + -2) - (148 + -147)
-12
Calculate (-2 - 6) + -3 + 12 + 1.
2
What is the value of -2 - (-4 - (1 + (3 + -1 - 5)))?
0
Calculate 3 - -7 - (-223 - -216).
17
Evaluate 1 + (-7 + 6 - -8).
8
What is the value of 1 - -5 - (0 + -4 + 2 + 6)?
2
(-2 + 1 - 4) + -18 + 21
-2
What is 5 - 5 - (-2 - (14 - 31))?
-15
Calculate -15 + -10 + (-8 - (-24 + 2)).
-11
Calculate 17 + (11 + -3 - 25) - (-35 - 3).
38
What is (5 - 3) + 5 - (-15 + 17)?
5
Calculate (-2 - -12) + -8 - 10.
-8
What is 1 + -1 + 64 + -66 - (2 + 1)?
-5
What is the value of (0 - 4 - (-41 + 40)) + 19?
16
What is (-2 - (9 - -3)) + (0 - 2) - -4?
-12
What is (2 - -8) + 3 + 5 + -5?
13
Evaluate 27 - (-8 + 1 - (0 - 9)) - 5.
20
Calculate 18 + 6 + -8 + -35.
-19
What is the value of -11 + 20 + -31 + 21?
-1
What is the value of (0 - -1 - (53 + -45)) + -1?
-8
-67 - -58 - (-1 + -2 + -1)
-5
What is the value of -142 + 137 + 14 + -1?
8
What is the value of 47 + (-51 - -32) - 22?
6
What is -35 + (-4 - (-32 - -15) - 6)?
-28
-17 - (-22 + 31 + -6)
-20
Calculate -3 - (3 + 0) - (4 + 1 + -7).
-4
What is (2 - 2) + (-17 - -10)?
-7
Calculate -6 + -3 + -2 + 4 + (-42 - -45).
-4
-1 + -1 + -2 - (285 - 291)
2
Evaluate 10 + (-32 - -43) + -36.
-15
(-25 - 11) + 13 + (2 - -8)
-13
Evaluate (-1 - 0) + 7 + (-53 + -3 - -33).
-17
What is -19 - (-20 + 15) - -2?
-12
What is 23 + -16 - ((7 - 5) + 1 + -1)?
5
-5 + (320 - 316 - (8 - (-2 - 0)))
-11
Calculate -7 + 10 + -2 + 0 - (6 + -24).
19
What is the value of 10 - 6 - 7 - 7 - -21?
11
What is the value of (10 - (-8 + 18)) + -15?
-15
What is the value of -2 + 0 + -48 + (37 - 16)?
-29
What is 1 + 3 + -19 + -4?
-19
-3 + (4 - ((3 - 9) + -42 + 48))
1
What is the value of 1 + -5 + 1 + 20 - (-11 + 21)?
7
What is the value of -128 - -59 - -85 - (1 + -1 + 7)?
9
Evaluate -1 + (5 - -2) + -8 + 2.
0
Evaluate -31 + 96 + -52 + (5 - -3).
21
What is the value of 4 + (-2 - -1) + 0 - (-10 - -5)?
8
Evaluate 2 - (-6 - -3) - (-1 - 32 - -8).
30
What is -19 + 16 + -3 - -37?
31
Calculate -7 + 17 + -7 + (-5 - 8).
-10
What is the value of (8 - 6 - (13 + -19)) + -3?
5
What is -10 + (26 - 21) + (-13 - -5)?
-13
(-8 - -26) + -4 + -15
-1
What is (-8 - 2) + 13 - 0?
3
What is the value of (-28 - -37) + -11 - 1?
-3
What is (-10 + 2 - (-34 + 28)) + 11?
9
Calculate 1 - (-11 + 0) - (-1 - -4).
9
-16 + -10 + 25 + -5
-6
What is (8 - 3) + -6 + 8?
7
8 + -6 + (-14 - -17)
5
12 + 6 + 27 + -39
6
Evaluate 24 + -51 + 56 + -10.
19
What is the value of -8 + -9 + 16 + 0 + 20?
19
Calculate (43 - 1) + -49 + (2 - 11).
-16
Calculate (-88 - -112) + -16 + 1.
9
Evaluate 0 - (-32 + 19 + -1).
14
What is 1 - ((-3 - -14) + -24)?
14
-18 + (12 - -28) - 16
6
Evaluate 0 - 21 - (-22 - -9).
-8
Calculate (-1 - -1) + (7 + -1 - 7) - 6.
-7
Evaluate (-28 - -33 - 15) + 32 + -2.
20
Evaluate 4 + 16 + -17 - (-19 - -2).
20
8 + (-21 - -20) + 4
11
What is the value of -10 + -10 + 6 + -11?
-25
-3 - (0 + 0) - (153 - 154)
-2
Calculate -70 + 79 - (4 - (-31 - (-4 + 0))).
-22
Calculate (-18 + 5 - -42) + -26.
3
What is the value of -1 + -14 + (-10 - -1) + 22 + -17?
-19
What is -4 - (1 + 0 + -1 + (-2 - -5))?
-7
What is 22 - (7 + (0 - -13))?
2
What is the value of -1 + (-10 - (-2 + 1) - (-682 - -682))?
-10
What is the value of 1 + ((-11 - (9 - 14)) + 7 - 8)?
-6
What is (-11 - 4) + (23 - 32 - -5)?
-19
Calculate 3 - ((-2 - 0) + (4 - 5) + 0